{"id":49,"date":"2016-09-10T09:06:30","date_gmt":"2016-09-10T09:06:30","guid":{"rendered":"http:\/\/stolbergertv.de\/?page_id=49"},"modified":"2025-03-02T12:02:07","modified_gmt":"2025-03-02T11:02:07","slug":"beitraege","status":"publish","type":"page","link":"https:\/\/stolbergertv.de\/?page_id=49","title":{"rendered":"Beitr\u00e4ge"},"content":{"rendered":"<p><span>\t\t\t<table class=\"wptg-table wptg-comparison-table\">\r\n\t\t\t\t<thead class=\"wptg-thead\">\r\n\t\t\t\t\t<tr>\r\n\t\t\t\t\t\t<th class=\"placeholder wptg-placeholder\"><\/th>\r\n\t\t\t\t\t\t\t\t\t\t\t\t\t<th>Halbjahresbeitrag \/ Ab 2026<\/th>\r\n\t\t\t\t\t\t\t\t\t\t\t\t\t<th>Jahresbeitrag \/ Ab 2026<\/th>\r\n\t\t\t\t\t\t\t\t\t\t\t<\/tr>\r\n\t\t\t\t<\/thead>\r\n\t\t\t\t<tbody class=\"wptg-tbody\">\r\n\t\t\t\t\t\t\t\t\t<tr>\r\n\t\t\t\t\t\t\t\t\t\t\t\t\t<td>Kinder bis 14 Jahre<\/td>\r\n\t\t\t\t\t\t\t\t\t\t\t\t\t<td>23,50 \u20ac \/ 28,5 \u20ac<\/td>\r\n\t\t\t\t\t\t\t\t\t\t\t\t\t<td>47 \u20ac \/ 57 \u20ac<\/td>\r\n\t\t\t\t\t\t\t\t\t\t\t<\/tr>\r\n\t\t\t\t\t\t\t\t\t<tr>\r\n\t\t\t\t\t\t\t\t\t\t\t\t\t<td>Jugendliche 15 bis 24 Jahre<\/td>\r\n\t\t\t\t\t\t\t\t\t\t\t\t\t<td>26 \u20ac \/ 32,5 \u20ac<\/td>\r\n\t\t\t\t\t\t\t\t\t\t\t\t\t<td>52 \u20ac \/ 65 \u20ac<\/td>\r\n\t\t\t\t\t\t\t\t\t\t\t<\/tr>\r\n\t\t\t\t\t\t\t\t\t<tr>\r\n\t\t\t\t\t\t\t\t\t\t\t\t\t<td>Erwachsene pro Person<\/td>\r\n\t\t\t\t\t\t\t\t\t\t\t\t\t<td>33 \u20ac \/ 42,5 \u20ac<\/td>\r\n\t\t\t\t\t\t\t\t\t\t\t\t\t<td>66 \u20ac \/ 85 \u20ac<\/td>\r\n\t\t\t\t\t\t\t\t\t\t\t<\/tr>\r\n\t\t\t\t\t\t\t\t\t<tr>\r\n\t\t\t\t\t\t\t\t\t\t\t\t\t<td>Zwei Erwachsene<\/td>\r\n\t\t\t\t\t\t\t\t\t\t\t\t\t<td>62 \u20ac \/ 75 \u20ac<\/td>\r\n\t\t\t\t\t\t\t\t\t\t\t\t\t<td>124 \u20ac \/ 150 \u20ac<\/td>\r\n\t\t\t\t\t\t\t\t\t\t\t<\/tr>\r\n\t\t\t\t\t\t\t\t\t<tr>\r\n\t\t\t\t\t\t\t\t\t\t\t\t\t<td>Familie mit Kindern<\/td>\r\n\t\t\t\t\t\t\t\t\t\t\t\t\t<td>63 \u20ac\/ 82,5 \u20ac<\/td>\r\n\t\t\t\t\t\t\t\t\t\t\t\t\t<td>126 \u20ac \/ 165 \u20ac<\/td>\r\n\t\t\t\t\t\t\t\t\t\t\t<\/tr>\r\n\t\t\t\t\t\t\t\t\t<tr>\r\n\t\t\t\t\t\t\t\t\t\t\t\t\t<td>Inaktive Mitglieder<\/td>\r\n\t\t\t\t\t\t\t\t\t\t\t\t\t<td><\/td>\r\n\t\t\t\t\t\t\t\t\t\t\t\t\t<td>15 \u20ac \/ 20 \u20ac<\/td>\r\n\t\t\t\t\t\t\t\t\t\t\t<\/tr>\r\n\t\t\t\t\t\t\t\t\t<tr>\r\n\t\t\t\t\t\t\t\t\t\t\t\t\t<td>Mahngeb\u00fchr bei R\u00fccklastschrift (Ab Sofort)<\/td>\r\n\t\t\t\t\t\t\t\t\t\t\t\t\t<td>5 \u20ac<\/td>\r\n\t\t\t\t\t\t\t\t\t\t\t\t\t<td>5 \u20ac<\/td>\r\n\t\t\t\t\t\t\t\t\t\t\t<\/tr>\r\n\t\t\t\t\t\t\t\t\t<tr>\r\n\t\t\t\t\t\t\t\t\t\t\t\t\t<td>Aufnahmegeb\u00fchr (Ab Sofort)<\/td>\r\n\t\t\t\t\t\t\t\t\t\t\t\t\t<td>5 \u20ac <\/td>\r\n\t\t\t\t\t\t\t\t\t\t\t\t\t<td> 5 \u20ac<\/td>\r\n\t\t\t\t\t\t\t\t\t\t\t<\/tr>\r\n\t\t\t\t\t\t\t\t<\/tbody>\r\n\t\t\t<\/table>\r\n\t\t<\/span><\/p>\n<p><span>\t\t\t<table class=\"wptg-table wptg-comparison-table\">\r\n\t\t\t\t<thead class=\"wptg-thead\">\r\n\t\t\t\t\t<tr>\r\n\t\t\t\t\t\t<th class=\"placeholder wptg-placeholder\"><\/th>\r\n\t\t\t\t\t\t\t\t\t\t\t\t\t<th>Preis<\/th>\r\n\t\t\t\t\t\t\t\t\t\t\t<\/tr>\r\n\t\t\t\t<\/thead>\r\n\t\t\t\t<tbody class=\"wptg-tbody\">\r\n\t\t\t\t\t\t\t\t\t<tr>\r\n\t\t\t\t\t\t\t\t\t\t\t\t\t<td>Wirbels\u00e4ulengymnastik<\/td>\r\n\t\t\t\t\t\t\t\t\t\t\t\t\t<td>2,50\u20ac\/60Min<\/td>\r\n\t\t\t\t\t\t\t\t\t\t\t<\/tr>\r\n\t\t\t\t\t\t\t\t\t<tr>\r\n\t\t\t\t\t\t\t\t\t\t\t\t\t<td>Reha-Herzinfarkt (+KK)<\/td>\r\n\t\t\t\t\t\t\t\t\t\t\t\t\t<td>6\u20ac\/90Min<\/td>\r\n\t\t\t\t\t\t\t\t\t\t\t<\/tr>\r\n\t\t\t\t\t\t\t\t\t<tr>\r\n\t\t\t\t\t\t\t\t\t\t\t\t\t<td>Nordic-Walking<\/td>\r\n\t\t\t\t\t\t\t\t\t\t\t\t\t<td>4\u20ac\/90Min<\/td>\r\n\t\t\t\t\t\t\t\t\t\t\t<\/tr>\r\n\t\t\t\t\t\t\t\t\t<tr>\r\n\t\t\t\t\t\t\t\t\t\t\t\t\t<td>Nordic-Walking Senioren Jahresabo (45 Wochen)<\/td>\r\n\t\t\t\t\t\t\t\t\t\t\t\t\t<td>135\u20ac<\/td>\r\n\t\t\t\t\t\t\t\t\t\t\t<\/tr>\r\n\t\t\t\t\t\t\t\t<\/tbody>\r\n\t\t\t<\/table>\r\n\t\t<\/span><\/p>\n<p>Bitte beachten Sie :<br \/><br \/>Ein Wechsel von Jahresbeitrag auf Halbjahresbeitrag ist <strong>ab 2026<\/strong> m\u00f6glich.<\/p>\n<p>Die <strong>Abbuchung<\/strong> erfolgt halbj\u00e4hrlich oder j\u00e4hrlich im vorraus. F\u00e4lligkeitstermine sind jeweils der 15.01 und der 15.07., bei Eintritt wird der anteilige Beitrag zum 15. des darauffolgenden Monats gebucht. Unsere Beitragsabrechnung erfolgt \u00fcber EDV.<\/p>\n<p>Der Austritt aus dem STV 1862 e.V. ist bei halbj\u00e4hrlicher Buchung nur zum 30.06 oder 31.12 eines Jahres, bei j\u00e4hrlicher Beitragsbuchung nur zum 31.12. eines Jahres m\u00f6glich.<\/p>\n<p>Die <strong>Austrittserkl\u00e4rung<\/strong> eines Vereinsmitgliedes ist nur wirksam, wenn Sie dem STV 1862 e.V. schriftlich bis sp\u00e4testens 15.Mai bzw. 15.Nov eines Jahres zugeht, ansonsten verl\u00e4ngert sich die Mitgliedschaft um ein weiteres halbes Jahr. Die Abmeldung kann beim jeweiligen \u00dcbungsleiter abgegeben, per Post an die Gesch\u00e4ftsstelle oder per Mail geschickt werden.<\/p>\n<p><strong>Kursgeb\u00fchren die zus\u00e4tzlich zum Beitrag zu entrichten sind, erfragen Sie bitte bei den jeweiligen \u00dcbungsleitern.<\/strong><\/p>\n\n\n<p><\/p>\n","protected":false},"excerpt":{"rendered":"<p>Bitte beachten Sie : Ein Wechsel von Jahresbeitrag auf Halbjahresbeitrag ist ab 2026 m\u00f6glich. Die Abbuchung erfolgt halbj\u00e4hrlich oder j\u00e4hrlich im vorraus. F\u00e4lligkeitstermine sind jeweils der 15.01 und der 15.07., bei Eintritt wird der anteilige Beitrag zum 15. des darauffolgenden Monats gebucht. Unsere Beitragsabrechnung erfolgt \u00fcber EDV. Der Austritt aus dem STV 1862 e.V. ist &hellip; <a href=\"https:\/\/stolbergertv.de\/?page_id=49\" class=\"more-link\"><span class=\"screen-reader-text\">Beitr\u00e4ge<\/span> weiterlesen<\/a><\/p>\n","protected":false},"author":1,"featured_media":0,"parent":0,"menu_order":0,"comment_status":"closed","ping_status":"closed","template":"page-templates\/full-width-page.php","meta":{"footnotes":""},"class_list":["post-49","page","type-page","status-publish","hentry"],"_links":{"self":[{"href":"https:\/\/stolbergertv.de\/index.php?rest_route=\/wp\/v2\/pages\/49","targetHints":{"allow":["GET"]}}],"collection":[{"href":"https:\/\/stolbergertv.de\/index.php?rest_route=\/wp\/v2\/pages"}],"about":[{"href":"https:\/\/stolbergertv.de\/index.php?rest_route=\/wp\/v2\/types\/page"}],"author":[{"embeddable":true,"href":"https:\/\/stolbergertv.de\/index.php?rest_route=\/wp\/v2\/users\/1"}],"replies":[{"embeddable":true,"href":"https:\/\/stolbergertv.de\/index.php?rest_route=%2Fwp%2Fv2%2Fcomments&post=49"}],"version-history":[{"count":12,"href":"https:\/\/stolbergertv.de\/index.php?rest_route=\/wp\/v2\/pages\/49\/revisions"}],"predecessor-version":[{"id":838,"href":"https:\/\/stolbergertv.de\/index.php?rest_route=\/wp\/v2\/pages\/49\/revisions\/838"}],"wp:attachment":[{"href":"https:\/\/stolbergertv.de\/index.php?rest_route=%2Fwp%2Fv2%2Fmedia&parent=49"}],"curies":[{"name":"wp","href":"https:\/\/api.w.org\/{rel}","templated":true}]}}