{"id":15,"date":"2016-09-10T09:01:06","date_gmt":"2016-09-10T09:01:06","guid":{"rendered":"http:\/\/stolbergertv.de\/?page_id=15"},"modified":"2018-01-12T21:02:41","modified_gmt":"2018-01-12T20:02:41","slug":"150-jahre","status":"publish","type":"page","link":"https:\/\/stolbergertv.de\/?page_id=15","title":{"rendered":"150 Jahre"},"content":{"rendered":"<p>Sehr geehrter Herr B\u00fcrgermeister Gatzweiler!<br \/>\nSehr geehrte Festg\u00e4ste!<br \/>\nSehr verehrte Damen, sehr geehrte Herren!<\/p>\n<p>\u201eKomm mit bleib Fit!\u201c, wir entnehmen diese Aufforderung der Einladung zur heutigen 150. Jahrfeier des Stolberg Turnvereins 1862. Er ist der \u00e4lteste Turnverein in unserem Stolberg. \u201eKomm mit bleib fit!\u201c, so \u00fcbersetzt der Stolberger Turnverein heute den Slogan \u201eFrisch, fromm, fr\u00f6hlich, frei\u201c von Ludwig Jahn, dem bekannten Turnvater. Die Zielsetzung der damaligen k\u00f6rperlichen Ert\u00fcchtigung \u2013 wie es hie\u00df &#8211; war eine ganz andere als heute. Aus der Historie entnehmen wir, dass in den 1820-iger Jahren im Vordergrund die Vorbereitung der Jugend auf den Kampf gegen die damalige napoleonische Besetzung und die Rettung Preu\u00dfens stand. Heute hat k\u00f6rperliche Ert\u00fcchtigung und Sport eine ganz andere Zielsetzung und einen ver\u00e4nderten Stellenwert in der Gesellschaft.<\/p>\n<p>&nbsp;<\/p>\n<style id=\"bwg-style-0\">    #bwg_container1_0 #bwg_container2_0 .bwg-container-0.bwg-standard-thumbnails {      width: 904px;              justify-content: center;        margin:0 auto !important;              background-color: rgba(255, 255, 255, 0.00);            padding-left: 4px;      padding-top: 4px;      max-width: 100%;            }        #bwg_container1_0 #bwg_container2_0 .bwg-container-0.bwg-standard-thumbnails .bwg-item {    justify-content: flex-start;      max-width: 180px;            width: 180px !important;          }    #bwg_container1_0 #bwg_container2_0 .bwg-container-0.bwg-standard-thumbnails .bwg-item a {       margin-right: 4px;       margin-bottom: 4px;    }    #bwg_container1_0 #bwg_container2_0 .bwg-container-0.bwg-standard-thumbnails .bwg-item0 {      padding: 0px;            background-color:rgba(255,255,255, 0.30);      border: 0px none #CCCCCC;      opacity: 1.00;      border-radius: 0;      box-shadow: 0px 0px 0px #888888;    }    #bwg_container1_0 #bwg_container2_0 .bwg-container-0.bwg-standard-thumbnails .bwg-item1 img {      max-height: none;      max-width: none;      padding: 0 !important;    }        @media only screen and (min-width: 480px) {      #bwg_container1_0 #bwg_container2_0 .bwg-container-0.bwg-standard-thumbnails .bwg-item0 {        transition: all 0.3s ease 0s;-webkit-transition: all 0.3s ease 0s;      }      #bwg_container1_0 #bwg_container2_0 .bwg-container-0.bwg-standard-thumbnails .bwg-item0:hover {        -ms-transform: scale(1.1);        -webkit-transform: scale(1.1);        transform: scale(1.1);      }    }          #bwg_container1_0 #bwg_container2_0 .bwg-container-0.bwg-standard-thumbnails .bwg-item1 {      padding-top: 50%;    }        #bwg_container1_0 #bwg_container2_0 .bwg-container-0.bwg-standard-thumbnails .bwg-title2,    #bwg_container1_0 #bwg_container2_0 .bwg-container-0.bwg-standard-thumbnails .bwg-ecommerce2 {      color: #CCCCCC;      font-family: segoe ui;      font-size: 16px;      font-weight: bold;      padding: 2px;      text-shadow: 0px 0px 0px #888888;      max-height: 100%;    }    #bwg_container1_0 #bwg_container2_0 .bwg-container-0.bwg-standard-thumbnails .bwg-thumb-description span {    color: #323A45;    font-family: Ubuntu;    font-size: 12px;    max-height: 100%;    word-wrap: break-word;    }    #bwg_container1_0 #bwg_container2_0 .bwg-container-0.bwg-standard-thumbnails .bwg-play-icon2 {      font-size: 32px;    }    #bwg_container1_0 #bwg_container2_0 .bwg-container-0.bwg-standard-thumbnails .bwg-ecommerce2 {      font-size: 19.2px;      color: #CCCCCC;    }    <\/style>    <div id=\"bwg_container1_0\"         class=\"bwg_container bwg_thumbnail bwg_thumbnails \"         data-right-click-protection=\"0\"         data-bwg=\"0\"         data-scroll=\"0\"         data-gallery-type=\"thumbnails\"         data-gallery-view-type=\"thumbnails\"         data-current-url=\"\/index.php?rest_route=%2Fwp%2Fv2%2Fpages%2F15\"         data-lightbox-url=\"https:\/\/stolbergertv.de\/wp-admin\/admin-ajax.php?action=GalleryBox&#038;current_view=0&#038;gallery_id=1&#038;tag=0&#038;theme_id=1&#038;shortcode_id=1&#038;sort_by=order&#038;order_by=asc&#038;current_url=%2Findex.php%3Frest_route%3D%252Fwp%252Fv2%252Fpages%252F15\"         data-gallery-id=\"1\"         data-popup-width=\"800\"         data-popup-height=\"500\"         data-is-album=\"gallery\"         data-buttons-position=\"bottom\">      <div id=\"bwg_container2_0\">             <div id=\"ajax_loading_0\" class=\"bwg_loading_div_1\">      <div class=\"bwg_loading_div_2\">        <div class=\"bwg_loading_div_3\">          <div id=\"loading_div_0\" class=\"bwg_spider_ajax_loading\">          <\/div>        <\/div>      <\/div>    <\/div>            <form id=\"gal_front_form_0\"              class=\"bwg-hidden\"              method=\"post\"              action=\"#\"              data-current=\"0\"              data-shortcode-id=\"1\"              data-gallery-type=\"thumbnails\"              data-gallery-id=\"1\"              data-tag=\"0\"              data-album-id=\"0\"              data-theme-id=\"1\"              data-ajax-url=\"https:\/\/stolbergertv.de\/wp-admin\/admin-ajax.php?action=bwg_frontend_data\">          <div id=\"bwg_container3_0\" class=\"bwg-background bwg-background-0\">                <div data-max-count=\"5\"         data-thumbnail-width=\"180\"         data-bwg=\"0\"         data-gallery-id=\"1\"         data-lightbox-url=\"https:\/\/stolbergertv.de\/wp-admin\/admin-ajax.php?action=GalleryBox&amp;current_view=0&amp;gallery_id=1&amp;tag=0&amp;theme_id=1&amp;shortcode_id=1&amp;sort_by=order&amp;order_by=asc&amp;current_url=%2Findex.php%3Frest_route%3D%252Fwp%252Fv2%252Fpages%252F15\"         id=\"bwg_thumbnails_0\"         class=\"bwg-container-0 bwg-thumbnails bwg-standard-thumbnails bwg-container bwg-border-box\">            <div class=\"bwg-item\">        <a class=\"bwg-a  bwg_lightbox\"  data-image-id=\"7\" href=\"https:\/\/stolbergertv.de\/wp-content\/uploads\/photo-gallery\/big__(5).jpg\" data-elementor-open-lightbox=\"no\">                <div class=\"bwg-item0 \">          <div class=\"bwg-item1 \">            <div class=\"bwg-item2\">              <img decoding=\"async\" class=\"skip-lazy bwg_standart_thumb_img_0 \"                   data-id=\"7\"                   data-width=\"\"                   data-height=\"\"                   data-src=\"https:\/\/stolbergertv.de\/wp-content\/uploads\/photo-gallery\/thumb\/big__(5).jpg\"                   src=\"https:\/\/stolbergertv.de\/wp-content\/uploads\/photo-gallery\/thumb\/big__(5).jpg\"                   alt=\"big  (5)\"                   title=\"big  (5)\" \/>            <\/div>            <div class=\"\">                                                      <\/div>          <\/div>        <\/div>                        <\/a>              <\/div>            <div class=\"bwg-item\">        <a class=\"bwg-a  bwg_lightbox\"  data-image-id=\"6\" href=\"https:\/\/stolbergertv.de\/wp-content\/uploads\/photo-gallery\/big__(3).jpg\" data-elementor-open-lightbox=\"no\">                <div class=\"bwg-item0 \">          <div class=\"bwg-item1 \">            <div class=\"bwg-item2\">              <img decoding=\"async\" class=\"skip-lazy bwg_standart_thumb_img_0 \"                   data-id=\"6\"                   data-width=\"\"                   data-height=\"\"                   data-src=\"https:\/\/stolbergertv.de\/wp-content\/uploads\/photo-gallery\/thumb\/big__(3).jpg\"                   src=\"https:\/\/stolbergertv.de\/wp-content\/uploads\/photo-gallery\/thumb\/big__(3).jpg\"                   alt=\"big  (3)\"                   title=\"big  (3)\" \/>            <\/div>            <div class=\"\">                                                      <\/div>          <\/div>        <\/div>                        <\/a>              <\/div>            <div class=\"bwg-item\">        <a class=\"bwg-a  bwg_lightbox\"  data-image-id=\"5\" href=\"https:\/\/stolbergertv.de\/wp-content\/uploads\/photo-gallery\/big__(2).jpg\" data-elementor-open-lightbox=\"no\">                <div class=\"bwg-item0 \">          <div class=\"bwg-item1 \">            <div class=\"bwg-item2\">              <img decoding=\"async\" class=\"skip-lazy bwg_standart_thumb_img_0 \"                   data-id=\"5\"                   data-width=\"\"                   data-height=\"\"                   data-src=\"https:\/\/stolbergertv.de\/wp-content\/uploads\/photo-gallery\/thumb\/big__(2).jpg\"                   src=\"https:\/\/stolbergertv.de\/wp-content\/uploads\/photo-gallery\/thumb\/big__(2).jpg\"                   alt=\"big  (2)\"                   title=\"big  (2)\" \/>            <\/div>            <div class=\"\">                                                      <\/div>          <\/div>        <\/div>                        <\/a>              <\/div>            <div class=\"bwg-item\">        <a class=\"bwg-a  bwg_lightbox\"  data-image-id=\"4\" href=\"https:\/\/stolbergertv.de\/wp-content\/uploads\/photo-gallery\/big__(4).jpg\" data-elementor-open-lightbox=\"no\">                <div class=\"bwg-item0 \">          <div class=\"bwg-item1 \">            <div class=\"bwg-item2\">              <img decoding=\"async\" class=\"skip-lazy bwg_standart_thumb_img_0 \"                   data-id=\"4\"                   data-width=\"\"                   data-height=\"\"                   data-src=\"https:\/\/stolbergertv.de\/wp-content\/uploads\/photo-gallery\/thumb\/big__(4).jpg\"                   src=\"https:\/\/stolbergertv.de\/wp-content\/uploads\/photo-gallery\/thumb\/big__(4).jpg\"                   alt=\"big  (4)\"                   title=\"big  (4)\" \/>            <\/div>            <div class=\"\">                                                      <\/div>          <\/div>        <\/div>                        <\/a>              <\/div>            <div class=\"bwg-item\">        <a class=\"bwg-a  bwg_lightbox\"  data-image-id=\"3\" href=\"https:\/\/stolbergertv.de\/wp-content\/uploads\/photo-gallery\/big__(7).jpg\" data-elementor-open-lightbox=\"no\">                <div class=\"bwg-item0 \">          <div class=\"bwg-item1 \">            <div class=\"bwg-item2\">              <img decoding=\"async\" class=\"skip-lazy bwg_standart_thumb_img_0 \"                   data-id=\"3\"                   data-width=\"\"                   data-height=\"\"                   data-src=\"https:\/\/stolbergertv.de\/wp-content\/uploads\/photo-gallery\/thumb\/big__(7).jpg\"                   src=\"https:\/\/stolbergertv.de\/wp-content\/uploads\/photo-gallery\/thumb\/big__(7).jpg\"                   alt=\"big  (7)\"                   title=\"big  (7)\" \/>            <\/div>            <div class=\"\">                                                      <\/div>          <\/div>        <\/div>                        <\/a>              <\/div>            <div class=\"bwg-item\">        <a class=\"bwg-a  bwg_lightbox\"  data-image-id=\"2\" href=\"https:\/\/stolbergertv.de\/wp-content\/uploads\/photo-gallery\/big__(1).jpg\" data-elementor-open-lightbox=\"no\">                <div class=\"bwg-item0 \">          <div class=\"bwg-item1 \">            <div class=\"bwg-item2\">              <img decoding=\"async\" class=\"skip-lazy bwg_standart_thumb_img_0 \"                   data-id=\"2\"                   data-width=\"\"                   data-height=\"\"                   data-src=\"https:\/\/stolbergertv.de\/wp-content\/uploads\/photo-gallery\/thumb\/big__(1).jpg\"                   src=\"https:\/\/stolbergertv.de\/wp-content\/uploads\/photo-gallery\/thumb\/big__(1).jpg\"                   alt=\"big  (1)\"                   title=\"big  (1)\" \/>            <\/div>            <div class=\"\">                                                      <\/div>          <\/div>        <\/div>                        <\/a>              <\/div>            <div class=\"bwg-item\">        <a class=\"bwg-a  bwg_lightbox\"  data-image-id=\"1\" href=\"https:\/\/stolbergertv.de\/wp-content\/uploads\/photo-gallery\/big__(6).jpg\" data-elementor-open-lightbox=\"no\">                <div class=\"bwg-item0 \">          <div class=\"bwg-item1 \">            <div class=\"bwg-item2\">              <img decoding=\"async\" class=\"skip-lazy bwg_standart_thumb_img_0 \"                   data-id=\"1\"                   data-width=\"\"                   data-height=\"\"                   data-src=\"https:\/\/stolbergertv.de\/wp-content\/uploads\/photo-gallery\/thumb\/big__(6).jpg\"                   src=\"https:\/\/stolbergertv.de\/wp-content\/uploads\/photo-gallery\/thumb\/big__(6).jpg\"                   alt=\"big  (6)\"                   title=\"big  (6)\" \/>            <\/div>            <div class=\"\">                                                      <\/div>          <\/div>        <\/div>                        <\/a>              <\/div>          <\/div>    <style>      \/*pagination styles*\/      #bwg_container1_0 #bwg_container2_0 .tablenav-pages_0 {\t\t\t\ttext-align: center;\t\t\t\tfont-size: 12px;\t\t\t\tfont-family: segoe ui;\t\t\t\tfont-weight: bold;\t\t\t\tcolor: #666666;\t\t\t\tmargin: 6px 0 4px;\t\t\t\tdisplay: block;      }      @media only screen and (max-width : 320px) {      #bwg_container1_0 #bwg_container2_0 .displaying-num_0 {     \t display: none;      }      }      #bwg_container1_0 #bwg_container2_0 .displaying-num_0 {\t\t\t\tfont-size: 12px;\t\t\t\tfont-family: segoe ui;\t\t\t\tfont-weight: bold;\t\t\t\tcolor: #666666;\t\t\t\tmargin-right: 10px;\t\t\t\tvertical-align: middle;      }      #bwg_container1_0 #bwg_container2_0 .paging-input_0 {\t\t\t\tfont-size: 12px;\t\t\t\tfont-family: segoe ui;\t\t\t\tfont-weight: bold;\t\t\t\tcolor: #666666;\t\t\t\tvertical-align: middle;      }      #bwg_container1_0 #bwg_container2_0 .tablenav-pages_0 a.disabled,      #bwg_container1_0 #bwg_container2_0 .tablenav-pages_0 a.disabled:hover,      #bwg_container1_0 #bwg_container2_0 .tablenav-pages_0 a.disabled:focus,\t\t\t#bwg_container1_0 #bwg_container2_0 .tablenav-pages_0 input.bwg_current_page {\t\t\t\tcursor: default;\t\t\t\tcolor: rgba(102, 102, 102, 0.5);      }      #bwg_container1_0 #bwg_container2_0 .tablenav-pages_0 a,      #bwg_container1_0 #bwg_container2_0 .tablenav-pages_0 input.bwg_current_page {\t\t\t\tcursor: pointer;\t\t\t\ttext-align: center;\t\t\t\tfont-size: 12px;\t\t\t\tfont-family: segoe ui;\t\t\t\tfont-weight: bold;\t\t\t\tcolor: #666666;\t\t\t\ttext-decoration: none;\t\t\t\tpadding: 3px 6px;\t\t\t\tmargin: 0;\t\t\t\tborder-radius: 0;\t\t\t\tborder-style: solid;\t\t\t\tborder-width: 1px;\t\t\t\tborder-color: #E3E3E3;\t\t\t\t\t\t\t\tbackground-color: rgba(255, 255, 255, 1.00);\t\t\t\tbox-shadow: 0;\t\t\t\ttransition: all 0.3s ease 0s;-webkit-transition: all 0.3s ease 0s;      }      <\/style>      <span class=\"bwg_nav_cont_0\">              <div class=\"tablenav-pages_0\">                  <\/div>                <input type=\"hidden\" id=\"page_number_0\" name=\"page_number_0\" value=\"1\" \/>      <script type=\"text\/javascript\">        if( jQuery('.bwg_nav_cont_0').length > 1 ) {          jQuery('.bwg_nav_cont_0').first().remove()        }        function spider_page_0(cur, x, y, load_more) {          if (typeof load_more == \"undefined\") {            var load_more = false;          }          if (jQuery(cur).hasClass('disabled')) {            return false;          }          var items_county_0 = 1;          switch (y) {            case 1:              if (x >= items_county_0) {                document.getElementById('page_number_0').value = items_county_0;              }              else {                document.getElementById('page_number_0').value = x + 1;              }              break;            case 2:              document.getElementById('page_number_0').value = items_county_0;              break;            case -1:              if (x == 1) {                document.getElementById('page_number_0').value = 1;              }              else {                document.getElementById('page_number_0').value = x - 1;              }              break;            case -2:              document.getElementById('page_number_0').value = 1;              break;\t\t\t\t\t\tcase 0:              document.getElementById('page_number_0').value = x;              break;            default:              document.getElementById('page_number_0').value = 1;          }          bwg_ajax('gal_front_form_0', '0', 'bwg_thumbnails_0', '0', '', 'gallery', 0, '', '', load_more, '', 1);        }                    jQuery('.first-page-0').on('click', function () {              spider_page_0(this, 1, -2, 'numeric');              return false;            });            jQuery('.prev-page-0').on('click', function () {              spider_page_0(this, 1, -1, 'numeric');              return false;            });            jQuery('.next-page-0').on('click', function () {              spider_page_0(this, 1, 1, 'numeric');              return false;            });            jQuery('.last-page-0').on('click', function () {              spider_page_0(this, 1, 2, 'numeric');              return false;            });        \t\t\t\t\/* Change page on input enter. *\/        function bwg_change_page_0( e, that ) {          if (  e.key == 'Enter' ) {            var to_page = parseInt(jQuery(that).val());            var pages_count = jQuery(that).parents(\".pagination-links\").data(\"pages-count\");            var current_url_param = jQuery(that).attr('data-url-info');            if (to_page > pages_count) {              to_page = 1;            }\t \t\t\t\t\t\t\t\t\t\t\t\tspider_page_0(this, to_page, 0, 'numeric');\t\t\t\t\t\t\treturn false;\t\t\t\t\t\t          }          return true;        }        jQuery('.bwg_load_btn_0').on('click', function () {            spider_page_0(this, 1, 1, true);            return false;        });      <\/script>      <\/span>                <\/div>        <\/form>        <style>          #bwg_container1_0 #bwg_container2_0 #spider_popup_overlay_0 {          background-color: #000000;          opacity: 0.70;          }          <\/style>        <div id=\"bwg_spider_popup_loading_0\" class=\"bwg_spider_popup_loading\"><\/div>        <div id=\"spider_popup_overlay_0\" class=\"spider_popup_overlay\" onclick=\"spider_destroypopup(1000)\"><\/div>        <input type=\"hidden\" id=\"bwg_random_seed_0\" value=\"957571444\">                <\/div>    <\/div>    <script>      if (document.readyState === 'complete') {        if( typeof bwg_main_ready == 'function' ) {          if ( jQuery(\"#bwg_container1_0\").height() ) {            bwg_main_ready(jQuery(\"#bwg_container1_0\"));          }        }      } else {        document.addEventListener('DOMContentLoaded', function() {          if( typeof bwg_main_ready == 'function' ) {            if ( jQuery(\"#bwg_container1_0\").height() ) {             bwg_main_ready(jQuery(\"#bwg_container1_0\"));            }          }        });      }    <\/script>    \n<p>&nbsp;<\/p>\n<p>Die Sportwissenschaft f\u00fcgt den verschiedenen sportlichen Leistungsniveaus: Breitensport, Leistungssport und Hochleistungssport den Gesundheitsport an. Wir erkennen, dass der Sport stets mit bestimmten Zielen, Leistungszielen bzw. Leistungsanspr\u00fcchen verbunden wird. Doch, was hei\u00dft \u201eLeistung\u201c im Breitensport, im Freizeitsport oder im Gesundheitssport? So k\u00f6nnen auch der zum ersten Mal im Training gegl\u00fcckte Purzelbaum, der kluge gespielte Pass, der plazierte Schmetterball oder die ersten drei Minuten Laufeinheit nach durchlebtem Herzinfarkt Leistungen sein. Als Leistung muss auch verstanden werden, wenn man sich \u00fcberwindet und den Fernsehsessel verl\u00e4sst, um sich k\u00f6rperlich zu bet\u00e4tigen.<\/p>\n<p>Es kommt eben auf den Standpunkt der Betrachtung an. Leistung ist ein Begriff, der unterschiedlich ausgelegt wird. So kann jede Handlung oder k\u00f6rperliche Bet\u00e4tigung als Leistung gelten. Dieser Ma\u00dfstab muss heute v\u00f6llig individuell gew\u00e4hlt oder entwickelt werden.<\/p>\n<p>Unsere Gesellschaft ist gepr\u00e4gt von einem ungesunden Lebensstil mit mangelnder Bewegung, inad\u00e4quater Ern\u00e4hrung und psychischer Belastung in Schule und Beruf, in Familie und Freizeit, auch im Leistungssport. Hier beginnt die Ursache f\u00fcr verschiedene Erkrankungen. Insbesondere ergibt sich aus dieser Problemsituation eine Zunahme der Zivilisationskrankheiten, so wie wir sie heute kennen: Herzinfarkt, Schlaganfall, \u00dcbergewicht und Adipositas, Metabolischem Syndrom, Zuckerkrankheit und psychischen Erkrankungen.<\/p>\n<p>Im Sport ver\u00e4ndert sich die ehemals eher einheitliche Wertestruktur. Sie war in erster Linie gepr\u00e4gt durch Flei\u00df, Anstrengung, Leistung, Fair-Play und Solidarit\u00e4t in Training und Wettkampf. Heute sind Werte hinzugekommen oder haben sich mit den traditionellen Werten vermischt. Es scheint zu einer einseitigen \u00dcberbetonung der Interessen des Einzelmenschen und zu einer einseitigen \u00dcberbewertung von Lust, Vergn\u00fcgen und Genuss gekommen zu sein. Das sich messen, das miteinander ringen hat an Bedeutung nachgelassen. Erfreulich ist jedoch die Statistik zum Sport allgemein, denn knapp zwei Drittel der Deutschen treiben in irgendeiner Form Breiten-, Freizeitsport- oder Gesundheitssport. Nach der Motivation zur sportlichen Bet\u00e4tigung befragt, lassen sich gewisse Tendenzen herausarbeiten und einige zentrale Werte f\u00fcr die Aus\u00fcbung von Sport benennen. In allen Untersuchungen dominieren heute die Motive Gesundheit, Freude und Spa\u00df an der Bewegung sowie Ausgleich zum Arbeitsalltag. Dabei wurde das Gesundheitsmotiv am h\u00e4ufigsten genannt, nur bei den Jugendlichen stehen der Spa\u00df und die Freude am Sport im Vordergrund.<\/p>\n<p>Freizeitsport, Alternativsport und funktioneller Sport, so wie sie heute im Turnverein praktiziert wird, wird gekennzeichnet vor allem durch ihre offene Organisation. Die \u201eVereinsmitgliedschaft\u201c bildet den Rahmen der sportlichen Bet\u00e4tigung. Der gesellschaftliche Charakter, wie er in den Gr\u00fcndungsjahren mit pr\u00e4gend war, ist nahezu eingeschlafen.<\/p>\n<p>Das Angebot f\u00e4chert sich heute breit. Kursmodelle werden ebenso angeboten wie permanente k\u00f6rperliche Bewegung.<\/p>\n<p>Das Wissen um Krankheit scheint in der modernen Gesellschaft gr\u00f6\u00dfer zu sein als das \u00fcber Gesundheit. In der Sportmedizin ist der Gedanke der Bewegungspr\u00e4vention fest verankert. Eine wesentliche Aufgabe der Pr\u00e4vention liegt daher im Bereich der Erziehung, um das Wissen \u00fcber ein gesundes Leben zu erh\u00f6hen. Das Fernziel einer so verstandenen Pr\u00e4vention ist die Sicherung der Gesundheit.<\/p>\n<p>Der Stolberger Turnverein hat diese Tendenz aufgenommen, er unterst\u00fctzt die Gesundheitsf\u00f6rderung im Allgemeinen und f\u00f6rdert dar\u00fcber hinaus die Krankheitspr\u00e4vention mit seinem Angebot.<\/p>\n<p>Trotz seiner 150 Jahre ist der Verein mit seinen Verantwortlichen jung geblieben. Das sportliche Angebot im Stolberger Turnverein verbindet Generationen, Kulturen und f\u00f6rdert Gemeinsamkeit. Das Angebot spornt an, f\u00f6rdert Kommunikation, Solidarit\u00e4t und Begeisterung f\u00fcr eine gemeinsame Sache.<\/p>\n<p>Sport ist Kultur. Sport ist nicht nur k\u00f6rperliche Aktivit\u00e4t. Sport f\u00f6rdert die Gesundheit. Sport erfordert den geistigen und k\u00f6rperlichen Gesamteinsatz des Menschen, gekennzeichnet durch Freiwilligkeit und Eigenmotivation, durch K\u00f6nnen, Konsequenz und Geschicklichkeit.<\/p>\n<p>Der Stolberger Turnverein von 1862 ist mit seinem sportlichen Auftreten in unserer Stadt pr\u00e4sent: \u201eKomm mit bleib fit\u201c und dies seit 150 Jahren! Herzlichen Gl\u00fcckwunsch!<\/p>\n<p>&nbsp;<\/p>\n","protected":false},"excerpt":{"rendered":"<p>Sehr geehrter Herr B\u00fcrgermeister Gatzweiler! Sehr geehrte Festg\u00e4ste! Sehr verehrte Damen, sehr geehrte Herren! \u201eKomm mit bleib Fit!\u201c, wir entnehmen diese Aufforderung der Einladung zur heutigen 150. Jahrfeier des Stolberg Turnvereins 1862. Er ist der \u00e4lteste Turnverein in unserem Stolberg. \u201eKomm mit bleib fit!\u201c, so \u00fcbersetzt der Stolberger Turnverein heute den Slogan \u201eFrisch, fromm, fr\u00f6hlich, &hellip; <a href=\"https:\/\/stolbergertv.de\/?page_id=15\" class=\"more-link\"><span class=\"screen-reader-text\">150 Jahre<\/span> weiterlesen<\/a><\/p>\n","protected":false},"author":1,"featured_media":0,"parent":0,"menu_order":0,"comment_status":"closed","ping_status":"closed","template":"page-templates\/full-width-page.php","meta":{"footnotes":""},"class_list":["post-15","page","type-page","status-publish","hentry"],"_links":{"self":[{"href":"https:\/\/stolbergertv.de\/index.php?rest_route=\/wp\/v2\/pages\/15","targetHints":{"allow":["GET"]}}],"collection":[{"href":"https:\/\/stolbergertv.de\/index.php?rest_route=\/wp\/v2\/pages"}],"about":[{"href":"https:\/\/stolbergertv.de\/index.php?rest_route=\/wp\/v2\/types\/page"}],"author":[{"embeddable":true,"href":"https:\/\/stolbergertv.de\/index.php?rest_route=\/wp\/v2\/users\/1"}],"replies":[{"embeddable":true,"href":"https:\/\/stolbergertv.de\/index.php?rest_route=%2Fwp%2Fv2%2Fcomments&post=15"}],"version-history":[{"count":3,"href":"https:\/\/stolbergertv.de\/index.php?rest_route=\/wp\/v2\/pages\/15\/revisions"}],"predecessor-version":[{"id":431,"href":"https:\/\/stolbergertv.de\/index.php?rest_route=\/wp\/v2\/pages\/15\/revisions\/431"}],"wp:attachment":[{"href":"https:\/\/stolbergertv.de\/index.php?rest_route=%2Fwp%2Fv2%2Fmedia&parent=15"}],"curies":[{"name":"wp","href":"https:\/\/api.w.org\/{rel}","templated":true}]}}