{"id":11,"date":"2016-09-10T09:00:16","date_gmt":"2016-09-10T09:00:16","guid":{"rendered":"http:\/\/stolbergertv.de\/?page_id=11"},"modified":"2023-02-08T18:07:37","modified_gmt":"2023-02-08T17:07:37","slug":"vorstand","status":"publish","type":"page","link":"https:\/\/stolbergertv.de\/?page_id=11","title":{"rendered":"Vorstand"},"content":{"rendered":"<h1>Gesch\u00e4ftsf\u00fchrender Vorstand<\/h1>\n<p>Hans Gerd Motter Edelwei\u00dfweg 52, 52222 Stolberg Tel.\/Fax : 02402 \/21885<\/p>\n<p>Gesch\u00e4ftsstelle<br \/>\nBirgit Miehlke <span>H\u00f6henstra\u00dfe 77A, 52222 Stolberg<\/span> Tel. 02402\/864010<\/p>\n<p>Jugendwartin<br \/>\nIrene Bonaventura Am Schlehenhag 5, 52223 Stolberg Tel.\/Fax : 02402 \/ 9056166<\/p>\n","protected":false},"excerpt":{"rendered":"<p>Gesch\u00e4ftsf\u00fchrender Vorstand Hans Gerd Motter Edelwei\u00dfweg 52, 52222 Stolberg Tel.\/Fax : 02402 \/21885 Gesch\u00e4ftsstelle Birgit Miehlke H\u00f6henstra\u00dfe 77A, 52222 Stolberg Tel. 02402\/864010 Jugendwartin Irene Bonaventura Am Schlehenhag 5, 52223 Stolberg Tel.\/Fax : 02402 \/ 9056166<\/p>\n","protected":false},"author":1,"featured_media":0,"parent":0,"menu_order":0,"comment_status":"closed","ping_status":"closed","template":"page-templates\/full-width-page.php","meta":{"footnotes":""},"class_list":["post-11","page","type-page","status-publish","hentry"],"_links":{"self":[{"href":"https:\/\/stolbergertv.de\/index.php?rest_route=\/wp\/v2\/pages\/11","targetHints":{"allow":["GET"]}}],"collection":[{"href":"https:\/\/stolbergertv.de\/index.php?rest_route=\/wp\/v2\/pages"}],"about":[{"href":"https:\/\/stolbergertv.de\/index.php?rest_route=\/wp\/v2\/types\/page"}],"author":[{"embeddable":true,"href":"https:\/\/stolbergertv.de\/index.php?rest_route=\/wp\/v2\/users\/1"}],"replies":[{"embeddable":true,"href":"https:\/\/stolbergertv.de\/index.php?rest_route=%2Fwp%2Fv2%2Fcomments&post=11"}],"version-history":[{"count":3,"href":"https:\/\/stolbergertv.de\/index.php?rest_route=\/wp\/v2\/pages\/11\/revisions"}],"predecessor-version":[{"id":739,"href":"https:\/\/stolbergertv.de\/index.php?rest_route=\/wp\/v2\/pages\/11\/revisions\/739"}],"wp:attachment":[{"href":"https:\/\/stolbergertv.de\/index.php?rest_route=%2Fwp%2Fv2%2Fmedia&parent=11"}],"curies":[{"name":"wp","href":"https:\/\/api.w.org\/{rel}","templated":true}]}}